*y - 25. Give t(y).
-4
Let b(y) = 1 + y**2 - 3*y + 4 - 1. Let r(n) = -n - 9. Let u be r(-12). Calculate b(u).
4
Let h(w) be the first derivative of w**5/120 - w**3/3 + 1. Let l(r) be the third derivative of h(r). Determine l(0).
0
Let m(b) = -b**2 - 2 + 4*b + 9*b**3 - b - 4*b + 3. Suppose -3*l + 1 + 8 = 0. Suppose 0*t = -3*h - 4*t + l, -t = 0. Give m(h).
8
Suppose -2*x + 3*x = 8. Let a be 27/12 - 2/x. Let r be 4*-2*a/(-4). Let y(c) = c**2 - 5*c + 3. What is y(r)?
-1
Let w(q) = 2*q**2 - 3*q + 5. Let r(p) = 7*p**2 + 1. Let h(f) = 15*f**2 + 2. Let u(t) = 6*h(t) - 13*r(t). Let x(k) = -u(k) - w(k). Determine x(3).
-4
Let b(y) = -y**2 - 5*y - 2. Let z = 16 - 19. Calculate b(z).
4
Let h(w) = 2*w**2 + 3*w. Let n = 16 - 24. Let m = 6 + n. Give h(m).
2
Let j(y) = 7*y**3 - 3*y**2 - y. Let v be (-1)/(1*(-3)/15). Suppose -3*h + 10 = -v*h. Let u(x) = -6*x**3 + 2*x**2 + x. Let s(p) = h*j(p) - 6*u(p). Give s(-3).
3
Let t = 4 - 0. Let c(u) = 2*u**2 + 2*u - 6. Let m(l) = -2*l**2 - 3*l + 7. Let j(x) = t*m(x) + 5*c(x). What is j(-2)?
10
Let a = -1 - -3. Let x(m) = 2*m + 2 - a - 12*m. Give x(-1).
10
Let i(t) = -3*t**3 + 3*t**3 + 3*t**3 + t. Let s(m) = m**3 - m**2 + m - 1. Let l(b) = -i(b) + 4*s(b). Determine l(4).
8
Let m(s) = -s**3 - 2. Let y be (-21)/5 - (-2)/10. Let d(w) be the third derivative of w**4/24 + w**3/3 - w**2. Let f be d(y). Determine m(f).
6
Let b(m) = -6*m**2 - m + 41 - 41. Determine b(-1).
-5
Let i(d) = -2 - 5*d**3 - d**2 + 2 + d. Let a = -2 - 4. Let p = -5 - a. Give i(p).
-5
Let i be 3/(-1) + -6 + 8. Let a(b) = -5*b**3 - 2*b**2 - b. Give a(i).
4
Let u = -1 + 3. Let i(t) = t**u - t + 11*t - 2*t + 3. Give i(-5).
-12
Let z(y) = -6*y**2 - y**3 - 16 + 7*y**2 + 14. Give z(-2).
10
Let r(j) = -2*j**3 - 6*j**2 - 6*j + 1. Let u(z) = z**3 + z**2 + z + 1. Let k(g) = -r(g) - u(g). Let p be k(-4). Let q(m) = m**3 + 6*m**2 + 2*m + 8. Give q(p).
-4
Let d(n) = -5*n**3 + 8*n**2 + 10*n - 15. Let o(p) = 6*p**3 - 9*p**2 - 11*p + 17. Let u(r) = -5*d(r) - 4*o(r). Determine u(5).
2
Let v = 16 + -20. Let p(d) = -d**2 - 6*d + 4. Calculate p(v).
12
Let w(p) = 3*p - 3*p + p + 0 - 5. What is w(9)?
4
Let q(k) = -2*k - 4. Let f(c) = c + 3. Let n(m) = -3*f(m) - 2*q(m). Determine n(-6).
-7
Let q(f) = -f**3 - 4*f**2 - 4*f + 1. Let n(b) = -b**3 - 11*b**2 - b - 14. Let w be n(-11). Let a be q(w). Let r(m) = -2*m + 3. Calculate r(a).
-5
Let a(o) = 4 - 3*o + 0*o + 4*o. Let z(q) = 2 - q - 2. Let b be z(-3). Calculate a(b).
7
Let j(t) be the second derivative of 0 + 1/6*t**3 + t + 2*t**2. Give j(4).
8
Let b = -143 + 138. Let c(i) = i**3 + 4*i**2 - 6*i - 7. Calculate c(b).
-2
Let a(x) be the third derivative of 1/60*x**5 - 5*x**2 + 0 - 5/24*x**4 + 0*x - 4/3*x**3. Give a(7).
6
Suppose -k = -s + k + 18, 4*k = 3*s - 48. Suppose 5*v - 32 = -s. Let l(g) = g**2 - 3*g - 5. Determine l(v).
-1
Suppose 0 = 5*g + 7 - 2. Let b(u) = -1. Let x(w) = -w + 6. Let p(d) = g*x(d) - b(d). Give p(5).
0
Let s(b) be the second derivative of -4*b + 1/3*b**3 + b**2 + 1/12*b**4 + 0. Suppose -1 - 3 = q. Calculate s(q).
10
Let x(d) = -d**3 - 6*d**2 - 7*d - 6. Suppose 3*n + 5*c - 44 = -17, -2*c + 2 = -n. Let o = 19 + -20. Let j = o - n. Determine x(j).
4
Let l(f) = f**2 - 5*f + 1. Let b = -18 - -24. Calculate l(b).
7
Let w(u) be the first derivative of -u**3/3 + 3*u**2 - 4*u - 1. Let y be ((-10)/4)/(1/(-2)). Suppose a = h - 0*h + 3, 4*a - 11 = y*h. Determine w(a).
4
Let f(u) be the first derivative of -u**2/2 - u - 2. Let d be f(-2). Let o(s) = -29*s**2 + 2*s - 1 + 11*s**3 + 8*s**2 + 12*s**2 + 7*s**2. Determine o(d).
10
Let h(w) = -w + 13. Let p(k) = 0*k + 0 - 3*k - 2. Let n be p(-3). What is h(n)?
6
Let y be (6/(-9))/((-1)/3). Let m(s) = -3*s**2 + 3*s - 2. Calculate m(y).
-8
Suppose 0 = -3*w - 2 - 7. Let j(o) be the second derivative of -o**2 + o + 0 - 1/6*o**3. Give j(w).
1
Let g(t) = t + 12. Suppose 3*n = -2*n - 30. Determine g(n).
6
Let y = -19 + 21. Let i(x) = -4 + 2 + 3*x**2 - 3*x**y + x**2. What is i(2)?
2
Let i(u) be the second derivative of -u**5/20 - 3*u**4/4 - 4*u**3/3 + 2*u**2 + 23*u. What is i(-8)?
4
Let p(m) = -m**3 - m - 3. Suppose 15 = 5*r - 5. Suppose -5*v + 18 = -4*x - 20, -r*v + 18 = 3*x. Suppose 3*z - 15 = -5*s, -z + 2*s = -2*z + v. Calculate p(z).
-3
Suppose 4*g - 9*r = -10*r - 50, r = -2*g - 26. Let b(v) = -v**3 - 13*v**2 - 13*v - 5. Determine b(g).
7
Let p(v) = 12 - 4 - 33*v + 34*v. Calculate p(-5).
3
Let i(w) = w**2 + w - 5. Let d be i(0). Suppose l + 0*l + n = 4, 3*l - 4*n = -16. Let u(r) = l + 3 + 0*r + r. Give u(d).
-2
Suppose 3*o = -i - 14, 2 = -5*i + 2*o + 17. Let w(l) = l + 2 - 6 - i + 1. Give w(3).
-1
Let x(a) be the first derivative of -a**5/60 - 5*a**4/24 - a**3/3 + 3*a**2/2 + 2. Let o(b) be the second derivative of x(b). What is o(-3)?
4
Let d be 14 - (-6)/(3 - 6). Let p be 18/d*20/(-6). Let i(l) be the first derivative of -l**2 - 5*l + 1. Calculate i(p).
5
Suppose -2*q = -1 - 3. Let s(c) = 3 + q*c - 5 - 5. Calculate s(5).
3
Let f(u) = -u - 3. Let b(y) = y**2 - 2*y - 3. Let d(j) = 3*b(j) - 4*f(j). Give d(2).
11
Let g(k) = -k**2 + k + 2. Let x(z) = -6*z**2 - z + 7. Let r(m) = 5*g(m) - x(m). What is r(-5)?
-2
Let t(q) = -4*q + q - 5*q + 7*q - 6. Determine t(0).
-6
Let p(m) = m**2 - m - 4. Let g(r) = r**3 + 5*r**2 + 4. Suppose -5*z + 4*j + 19 = 0, 5*z - 4*j - 18 = -j. Suppose z*h + 12 = -3. Let x be g(h). Determine p(x).
8
Let r(q) = q**2 - q. Suppose 5*i - 4 = j - 33, -4*j - 2*i = -6. Suppose -2*b = -4*b - 5*c + 15, 0 = j*b + 4*c - 12. Suppose 3*a + a + 8 = b. What is r(a)?
6
Let f(t) = -7 + 6*t + 0*t + 0*t + t**2. Suppose -6 = -2*x, 0*q + 6 = -2*q - 2*x. Calculate f(q).
-7
Let i = -3 + 2. Let t(j) be the third derivative of j**5/60 - j**4/24 - 11*j**2. Determine t(i).
2
Let n(s) = -2*s**2 + s**3 + 3 + 11*s**2 - 7*s**2 - 2*s**3. Suppose 4*h = -3*z + 8, 0*z = 4*z + 3*h - 13. Let u be (z/6)/(2/9). Give n(u).
-6
Let z(k) be the first derivative of -2*k + 7/2*k**2 + 2 + 1/3*k**3. Give z(-7).
-2
Let s(b) be the third derivative of b**6/360 - b**5/30 - b**4/12 + 7*b**3/6 + b**2. Let q(u) be the first derivative of s(u). Determine q(6).
10
Let i(p) be the first derivative of -p**4/4 - p**3 - p**2/2 - 2. Give i(-3).
3
Let l(t) = t**2 - 5*t - 9. Let a be l(7). Suppose 0 = 5*c - 35 + 10. Let z(j) = j + 2*j - c*j - 1 + 2. Determine z(a).
-9
Suppose x + 0*p + 5*p - 1 = 0, -6 = 2*p. Suppose 0*m + x = -4*m. Let v(o) = -o**3 - 5*o**2 - 3*o + 4. Calculate v(m).
0
Let u(s) be the third derivative of -s**4/24 + s**3/6 + 8*s**2. Determine u(-2).
3
Let n(v) = -v**2 - 4*v + 7. Let c(t) = 3*t + 6*t - 8*t. Let k be c(-5). Calculate n(k).
2
Let r(w) = -w**2 + 1. Let c(a) = 4*a**2 - 4*a - 10. Let s(q) = -c(q) - 5*r(q). Let f = 0 + -2. Let j be -1*2 - (4 + f). What is s(j)?
5
Suppose -3*k + 24 = -0*k - 5*z, k = 4*z + 15. Let g(d) be the third derivative of 1/15*d**5 - 2*d**2 + 0*d + 0*d**4 + 0*d**k + 0. What is g(1)?
4
Suppose -4 = -3*t + 5. Let u(d) be the second derivative of -d + 0*d**2 + 0 - 1/3*d**t. What is u(1)?
-2
Let h(v) = 5*v**3 + 3*v**2 - 2*v + 11. Let r(d) = -2*d**3 - d**2 + d - 4. Let k(n) = 3*h(n) + 8*r(n). Calculate k(2).
1
Suppose 21 = 3*w - 0. Let b = -4 + w. Let v(x) = -2*x + 2. Let f be v(b). Let r(c) = -c**3 - 5*c**2 - 2*c + 2. Give r(f).
-6
Let d(g) = g**2 + 16*g + 11. Let w be d(-15). Let a(s) = -4*s - 6. What is a(w)?
10
Let t(o) = -o**2 + 2*o + 4. Let d(b) be the second derivative of -b**4/12 + 3*b**3/2 - 9*b**2/2 - 3*b. Let w be d(7). Give t(w).
-11
Let x(c) be the first derivative of c**4/4 + 7*c**3/3 + 3*c**2/2 - 5*c + 3. Give x(-6).
13
Suppose 0 = -2*j - 3*i - 4, 3*j = 5*i - 12 + 25. Suppose -y - 3*r - j = 0, y - 6 = 3*r + r. Let z(d) = -1 + 2 + 4*d - 7*d. Determine z(y).
-5
Let g(a) = -a**3 + 6*a**2 + 7*a - 4. Let o be g(7). Let n = o + 5. Let r(v) be the second derivative of -v**5/10 - v**4/12 - v. Determine r(n).
-3
Let w(g) = -85*g**3 - 35*g**2. Let u(t) = 5*t**3 + 2*t**2. Let r(z) = 35*u(z) + 2*w(z). Let a be 1/1 - (6 - 6). Let f = -2 + a. Determine r(f).
-5
Let v(o) = 1. Let q(x) = -8*x**2 - x + 3. Let d(j) = -q(j) + 4*v(j). Let c = 1 - 2. Calculate d(c).
8
Suppose 39 = -8*z - 17. Let v(a) = -a**2 - 7*a - 3. Give v(z).
-3
Let s = -10 + 6. Let j(m) = 6*m + 11. Suppose 3*d + 36 = -3*o, -48 = 5*d + 6*o - 4*o. Let u(l) = 2*l + 4. Let g(h) = d*u(h) + 3*j(h). Give g(s).
-7
Su